e (-4)/y - 782/306. Calculate x(m).
9
Let d(c) be the first derivative of -1/4*c**4 + 2 + 4*c**2 - c + 5/3*c**3. Let n be -4*(-2)/(-40) + 62/10. What is d(n)?
11
Let h(v) = -12*v**2 - 7*v - 6. Let k(m) = m**2 + m - 2. Let q(z) = h(z) + 5*k(z). Let l(d) be the first derivative of q(d). What is l(1)?
-16
Suppose 5*w - 1 = -3*c, 202*w = -4*c + 207*w + 13. Let b(m) = -m**3 + 2*m**2 + 2. Give b(c).
2
Let u(k) = -13*k**3 - 25*k**2 + 30*k - 41. Let a(c) = 9*c**3 + 17*c**2 - 21*c + 29. Let t(r) = -7*a(r) - 5*u(r). Calculate t(-3).
11
Let y(v) = -v**2 - 5*v - 3. Let k = -27 + 71. Suppose -24 = k*c - 40*c. Let z = c + 2. Give y(z).
1
Let g(s) = s**2 - 13*s + 15. Let r(v) = 14 - 25 + 4 + 2*v + 4*v + 0*v - v**2. Let n(b) = -6*g(b) - 13*r(b). What is n(1)?
8
Let r = -31 + 22. Let l(j) be the third derivative of 1/3*j**3 + 28*j**2 + 0*j - 1/24*j**4 + 3/20*j**5 + 0 + 1/120*j**6. Calculate l(r).
11
Let w(b) = 64*b**2 - 3*b - 2. Let f = -187 - -186. What is w(f)?
65
Let y = -3497 + 3494. Let t(m) = m**3 + 4*m**2 + 1. Give t(y).
10
Let x(k) = k**2 - 7*k + 7. Suppose -j = -y - 4*j + 114, 3*y = -j + 334. Suppose -2*o - 76 = -4*q, 3*o + 3*q = o - y. Let c = o + 55. Give x(c).
7
Let y(i) be the third derivative of -i**7/2520 - i**6/45 - 3*i**5/40 + 5*i**4/4 + 27*i**2 + 1. Let h(x) be the second derivative of y(x). Calculate h(-16).
-9
Let p(m) be the third derivative of m**4/24 - 13*m**3/3 - 5*m**2 - 16. Calculate p(-9).
-35
Let w(f) = 9*f**2 + 10*f - 20. Let b be w(-6). Let m = -258 + b. Let j(n) = -n - 19. Determine j(m).
-5
Let y(d) = -d**3 + 15*d**2 + 9*d + 113. Suppose 2*t - 17 = 6 + 9. Determine y(t).
1
Suppose 9 = -4*z - q, -11 = 5*z - z + 3*q. Let g(l) = 11*l + l + 0*l - 3*l**2 - 12*l - 3*l - 1. Calculate g(z).
-7
Let u = -650 - -652. Let i(m) = -3*m**u - 769 + m + m**3 + 769. Let y = 2 + -1. Determine i(y).
-1
Let b be (190/(-30))/(2/12). Let k = -34 - b. Let y(h) = 2*h - 1 - h + h - k*h. Calculate y(-6).
11
Let r(b) = 22*b**2 - 31*b**2 - 119275*b - 11 + 119217*b. Determine r(-6).
13
Let z(m) = -m**3 + 3*m**2 + 4*m + 2. Suppose -3*q = 74 - 83. Suppose -1 = 2*j + q*s, -3*j - 9*s = -4*s + 3. Determine z(j).
2
Let j(t) = -6 + 14 + 6*t - 8 + 3*t. Let b = 13 + -10. Determine j(b).
27
Let a(p) = 773*p**2 - 392*p**2 - 380*p**2 + 7*p + 15. What is a(-7)?
15
Let p(s) = -207*s + 102. Let c be p(4). Let i = c + 723. Let y(h) = 2*h**3 + 5*h**2 + 2*h - 2. Determine y(i).
-17
Let q(r) = -r + 0*r**2 - 2*r**2 + r**3 - 3 + 3*r. Let j(f) = -f**3 + 23*f**2 + f - 21. Let k(a) = -7*a - 103. Let m be k(-18). Let y be j(m). What is q(y)?
1
Suppose 0 = 4*d + 3*x - 22, 0*d - 4*x - 22 = -2*d. Let t(r) = -6 - d*r**2 - 4 + 15*r**2 - 11*r - 7*r**2. Determine t(11).
-10
Let w = 13891 - 13888. Let m(j) = j**3 - 3*j**2 - 4. Calculate m(w).
-4
Let q = -242 - -264. Let k(t) = t**2 - 27*t + 33. Give k(q).
-77
Let w(i) = 4*i**2 - 1063 + 678 - i + 389. What is w(2)?
18
Let v(i) = i**2 - 6*i - 56. Let u be v(-8). Suppose -16*m + u = -72. Let h(w) = w**2 - 6*w - 9. Calculate h(m).
7
Let p be 636/(-132) + 7 + (-24)/132. Let y(c) = -6*c**2 + 5*c - 4. Give y(p).
-18
Let j(n) = -n**3 + 9*n**2 - 3*n - 4. Suppose 0 = 5*q + 3*d - 61, 16*d - 8*d = 5*q + 16. Calculate j(q).
36
Let v(s) = -63 - 75 + 117 - 17*s + 2*s. Let b(r) = 7*r + 11. Let y(k) = -13*b(k) - 6*v(k). Determine y(-12).
-5
Let j(d) be the first derivative of d**6/120 - d**5/20 - d**4/8 - 5*d**3/6 + 3*d**2/2 + 2*d - 22. Let p(f) be the second derivative of j(f). Give p(4).
-1
Let t(g) = g**3 + g**2 - 5. Let r(h) = h**3 - h - 4. Let d(w) = -4*r(w) + 3*t(w). Suppose 5*z - 4*q = -0*q + 38, 4*q - 12 = 0. Let b = -7 + z. What is d(b)?
13
Suppose -402*k + 407*k = 40. Let s(x) be the first derivative of -x**3/3 + 3*x**2/2 + 8*x - 27. What is s(k)?
-32
Suppose 3*h - 4*d - 1 = 25, 9 = -3*h - 3*d. Let o(b) = 46*b - 4 - 44*b + b**2 - h. Determine o(5).
29
Suppose -15*w - 85 = -55. Let x(d) be the third derivative of d**6/40 + d**5/60 + d**4/12 - d**3/6 - 2*d**2. What is x(w)?
-25
Let v be -1 - (-4 + 1 - -3). Let c(b) be the first derivative of b**5/30 + 5*b**3 + 9. Let x(t) be the third derivative of c(t). What is x(v)?
-4
Let i(c) be the first derivative of -11*c**2/2 + 24924. Let a be ((-7)/(-3))/(2/6). Suppose 4*q - 14 = r + r, -a = -3*r - q. What is i(r)?
-11
Let v(k) = k**3 + 4*k**2 - 6*k - 4. Let a(h) = -3*h**2 - 8*h - 2. Let b be a(-7). Suppose 10*n + 871 + 99 = 0. Let o = n - b. Give v(o).
20
Let n(z) = -z**2 + 5*z + 11. Let x(s) = s**3 - 12*s**2 + 12*s + 2. Let u be x(7). Let v be 7/63 - u/27. What is n(v)?
5
Let b(z) = 4*z - 42. Suppose -163*o = -178*o + 84 - 9. Give b(o).
-22
Let v(j) be the first derivative of j**3/3 + 5*j**2/2 + 2*j - 1. Suppose -o = 5*n - 12 + 35, 0 = -n + 4*o + 8. Determine v(n).
-2
Let x(k) = 7*k**2 - 53*k + 155. Let j(t) = -4*t**2 + 27*t - 91. Let h(p) = 9*j(p) + 5*x(p). Calculate h(-20).
-4
Let i be (14 + 30/5)*-1. Let q(o) = -o**2 - 30*o - 197. What is q(i)?
3
Let s(v) = -v**3 - 18*v + 546 + 8*v**2 - 990 + 437. Calculate s(6).
-43
Let z(p) = 17 - 10*p**2 + 12*p + 11*p**2 + 0*p**2. Let r be z(-10). Let f(v) = -2*v**2 - 6*v + 2. Let j be f(r). Let n(l) = 3*l**2 - 3*l + 2. Determine n(j).
8
Let n(q) = q**3 - 4*q**2 - 4*q. Let d = -18 - -37. Let j(b) = -2*b**2 + 38*b + 5. Let z be j(d). What is n(z)?
5
Let x = -9 + 15. Let g be (-44)/(-176) + (-1022)/(-8). Let p(f) = -2*f - 68 - 60 + g. Determine p(x).
-12
Let d(w) = -5*w**3 - 5*w**2 + 4*w - 9. Let k(t) = -t**3 + t**2 - t + 1. Let i(q) = d(q) - 4*k(q). Let u = 20465 + -20475. Give i(u).
7
Let n = -112 + 114. Suppose -6 = n*h - 30. Suppose -14*c - h = -10*c. Let o(v) = v + 4. What is o(c)?
1
Let d(v) = -4*v**3 - 61*v**2 - 47*v - 69. Let t(y) = y**3 + 20*y**2 + 16*y + 23. Let u = -496 + 494. Let o(m) = u*d(m) - 7*t(m). Give o(19).
-4
Let z(n) = -3*n**2 + 16*n. Suppose 4*r = -2*g + 16, -11*r + 6*r - 5*g + 10 = 0. Give z(r).
-12
Let x = -140 - -224. Let i(a) = 2 - 4*a + x*a**2 + 83*a**2 - 165*a**2. Let o be ((-6)/15)/((-3)/15). Calculate i(o).
2
Let p(l) = -24352*l + 13 + 24356*l + 17 - 3. Determine p(-21).
-57
Let s(r) be the second derivative of -3/2*r**2 - 57*r + 1/4*r**4 + 1/3*r**3 - 1/20*r**5 - 1. Determine s(3).
3
Let a(x) = -18*x + 1. Let n(l) = 11*l. Let w(p) = -4*a(p) - 7*n(p). Let i(z) = z**3 - 8*z**2 + 8*z - 9. Let j be i(7). What is w(j)?
6
Let f(w) = -10*w**2 - 80*w + 79. Let t be f(1). Let m(y) be the first derivative of -y**4/4 - 10*y**3/3 + 11*y**2/2 + 6*y - 1. Give m(t).
6
Let h(r) = -7*r**3 + 22*r**2 - 4*r + 10. Let u(z) = -2*z**3 + 4*z**2. Let l(c) = h(c) - 4*u(c). Calculate l(-7).
-11
Suppose i - 2*h + 22 = 0, -68*i + 70*i - h = -29. Let z(n) = -n**3 - 12*n**2 + 3*n + 5. Calculate z(i).
-31
Let t(a) = 37*a + 1005. Let w be t(-27). Let r(v) = -v + 1. Let s(g) = -1. Let c(o) = -r(o) + 4*s(o). Give c(w).
1
Let h(n) = -n**2 - 7*n - 1. Let k = 63 + -60. Let a(o) = 3*o - 8. Let x be a(k). Let d be 40/20*-4*x. What is h(d)?
-9
Let b be 20/(-5)*(-4 + (1 - -1)). Suppose b = 3*h - 1. Suppose h*m + 4*p = m, 0 = m - 4*p + 12. Let u(w) = w**3 + 6*w**2 + 5*w - 2. Determine u(m).
10
Let x = 846 - 845. Let w(h) = 29*h**3 + 2*h**2 - 2. Calculate w(x).
29
Let l(d) be the first derivative of -d**3/6 - 3*d**2/2 + 8*d + 50. Let u(h) be the first derivative of l(h). Determine u(-6).
3
Suppose -32 = -4*a - 3*j, 8*j - 12*j = 0. Suppose 2*f + 5*n - 30 = 0, 16 = 12*n - a*n. Let l(m) be the second derivative of m**3/2 - 3*m**2 - m. Calculate l(f).
9
Let a(k) = -9*k + 31. Let d = -153 - -157. Let r(q) = -16*q + 61. Let p(m) = d*r(m) - 7*a(m). Determine p(0).
27
Let b(z) be the third derivative of z**6/120 - z**5/12 + z**4/12 - z**3/6 + 33*z**2 + 8. Calculate b(3).
-13
Let c(v) be the first derivative of -2*v**3/3 + 15*v**2/2 - 13*v - 798. Calculate c(6).
5
Let t(h) = -2 + 11 + 40543*h - 40493*h. Calculate t(-2).
-91
Let o(y) be the third derivative of 85*y**2 + 0*y + 1/24*y**4 + 0 + 5/6*y**3. Let g = 23 + -32. What is o(g)?
-4
Let d(o) = -o - 25. Let n be (20/(-12))/5 - 1050/63. What is d(n)?
-8
Suppose 5*z + 4*f = -f + 105, 0 = 3*f. Let n(h) = -h**3 + 21*h**2 - h + 5. Calculate n(z).
-16
Let c = 148 + -105. Let q = c - 36. Let a(w) = -q + 11 + 3*w - 4*w - 5. What is a(7)?
-8
Suppose 4*n = -11*n - n - 400. Let w(i) = i + 48. What is w(n)?
23
Suppose 5*o + s = 8, 0*o - 3*o - 3*